{"id":2,"date":"2025-12-02T19:16:28","date_gmt":"2025-12-02T19:16:28","guid":{"rendered":"http:\/\/convincentro.pt\/?page_id=2"},"modified":"2026-01-25T14:18:03","modified_gmt":"2026-01-25T14:18:03","slug":"sample-page","status":"publish","type":"page","link":"https:\/\/convincentro.pt\/?page_id=2","title":{"rendered":"Sample Page"},"content":{"rendered":"<div data-colibri-id=\"2-c1\" class=\"style-351 style-local-2-c1 position-relative\">\n  <!---->\n  <div data-colibri-component=\"section\" data-colibri-id=\"2-c2\" id=\"initial-content\" class=\"h-section h-section-global-spacing d-flex align-items-lg-center align-items-md-center align-items-center style-352 style-local-2-c2 position-relative\">\n    <!---->\n    <!---->\n    <div class=\"h-section-grid-container h-section-boxed-container\">\n      <!---->\n      <div data-colibri-id=\"2-c3\" class=\"h-row-container gutters-row-lg-2 gutters-row-md-2 gutters-row-0 gutters-row-v-lg-2 gutters-row-v-md-2 gutters-row-v-2 style-353 style-local-2-c3 position-relative\">\n        <!---->\n        <div class=\"h-row justify-content-lg-center justify-content-md-center justify-content-center align-items-lg-stretch align-items-md-stretch align-items-stretch gutters-col-lg-2 gutters-col-md-2 gutters-col-0 gutters-col-v-lg-2 gutters-col-v-md-2 gutters-col-v-2\">\n          <!---->\n          <div class=\"h-column h-column-container d-flex h-col-lg-auto h-col-md-auto h-col-auto style-354-outer style-local-2-c4-outer\">\n            <div data-colibri-id=\"2-c4\" class=\"d-flex h-flex-basis h-column__inner h-px-lg-2 h-px-md-2 h-px-2 v-inner-lg-2 v-inner-md-2 v-inner-2 style-354 style-local-2-c4 position-relative\">\n              <!---->\n              <!---->\n              <div class=\"w-100 h-y-container h-column__content h-column__v-align flex-basis-100 align-self-lg-start align-self-md-start align-self-start\">\n                <!---->\n                <div data-colibri-id=\"2-c6\" class=\"h-text h-text-component style-356 style-local-2-c6 position-relative h-element\">\n                  <!---->\n                  <!---->\n                  <div class=\"\">\n                    <p><strong>Programa de Valoriza\u00e7\u00e3o Econ\u00f3mica dos Recursos End\u00f3genos \u2013 PROVERE dos Vinhos<\/strong> \u00e9 uma <strong>estrat\u00e9gia de efici\u00eancia coletiva<\/strong> concebida no \u00e2mbito do <strong>Portugal 2030<\/strong> e do **Plano Regional <strong>Centro 2030<\/strong>,\n                      que visa <strong>valorizar e potenciar os vinhos das regi\u00f5es vitivin\u00edcolas do Centro de Portugal como um recurso end\u00f3geno diferenciador do territ\u00f3rio<\/strong>. O PROVERE dos Vinhos integra um cons\u00f3rcio de parceiros p\u00fablicos, privados\n                      e associativos que trabalham de forma colaborativa para refor\u00e7ar a competitividade, identidade e sustentabilidade desta fileira.<\/p>\n                    <h3>Miss\u00e3o e \u00c2mbito<\/h3>\n                    <p>O PROVERE dos Vinhos parte da <strong>valoriza\u00e7\u00e3o de um recurso emimit\u00e1vel do territ\u00f3rio<\/strong> \u2014 o vinho e a cultura vitivin\u00edcola do Centro \u2014 numa l\u00f3gica de <strong>desenvolvimento integrado, inova\u00e7\u00e3o territorial e coopera\u00e7\u00e3o em rede<\/strong>.\n                      Esta abordagem contribui diretamente para o <strong>desenvolvimento econ\u00f3mico, social e ambiental dos territ\u00f3rios<\/strong> intervenientes, em especial em \u00e1reas rurais ou de baixa densidade demogr\u00e1fica, atrav\u00e9s de a\u00e7\u00f5es concertadas\n                      que promovem:<\/p>\n                    <ul>\n                      <li>a melhoria da <strong>qualidade e competitividade dos vinhos regionais<\/strong>;<\/li>\n                      <li>a <strong>promo\u00e7\u00e3o e notoriedade<\/strong> dos vinhos do Centro de Portugal nos mercados nacionais e internacionais;<\/li>\n                      <li>a <strong>inova\u00e7\u00e3o e sustentabilidade<\/strong> na produ\u00e7\u00e3o, comercializa\u00e7\u00e3o e comunica\u00e7\u00e3o da fileira;<\/li>\n                      <li>a <strong>liga\u00e7\u00e3o ao turismo (especialmente enoturismo e turismo gastron\u00f3mico)<\/strong> e \u00e0 experi\u00eancia territorial aut\u00eantica;<\/li>\n                      <li>a <strong>resili\u00eancia face a desafios contempor\u00e2neos<\/strong>, incluindo exig\u00eancias clim\u00e1ticas e competitivas.<\/li>\n                    <\/ul>\n                    <h3>Objetivos Estrat\u00e9gicos<\/h3>\n                    <p>Os principais objetivos do PROVERE dos Vinhos s\u00e3o:<\/p>\n                    <ul>\n                      <li><strong>Consolidar o vinho como recurso end\u00f3geno estrat\u00e9gico<\/strong> no Centro de Portugal, promovendo a liga\u00e7\u00e3o entre produto e territ\u00f3rio;<\/li>\n                      <li><strong>Estruturar a fileira vitivin\u00edcola regional<\/strong> com base em coopera\u00e7\u00e3o entre produtores, entidades p\u00fablicas, centros de conhecimento e agentes territoriais;<\/li>\n                      <li><strong>Estimular a inova\u00e7\u00e3o e a cria\u00e7\u00e3o de valor econ\u00f3mico<\/strong> a partir dos vinhos, potenciando empreendedorismo e capacidades locais;<\/li>\n                      <li><strong>Promover modelos sustent\u00e1veis de desenvolvimento<\/strong> que reforcem a atratividade, identidade e fixa\u00e7\u00e3o de valor no territ\u00f3rio;<\/li>\n                      <li><strong>Integrar a fileira do vinho em produtos territoriais diferenciadores<\/strong>, nomeadamente via enoturismo, experi\u00eancias culturais e rotas de vinho.<\/li>\n                    <\/ul>\n                    <h3>Parceiros e Governan\u00e7a<\/h3>\n                    <p>A estrat\u00e9gia PROVERE dos Vinhos \u00e9 liderada por um cons\u00f3rcio alargado que integra:<\/p>\n                    <ul>\n                      <li>Comiss\u00f5es Vitivin\u00edcolas Regionais e associa\u00e7\u00f5es do setor;<\/li>\n                      <li>Munic\u00edpios e entidades p\u00fablicas regionais;<\/li>\n                      <li>Produtores, adegas e operadores econ\u00f3micos;<\/li>\n                      <li>Entidades de turismo e promo\u00e7\u00e3o territorial;<\/li>\n                      <li>Parceiros t\u00e9cnicos e acad\u00e9micos com foco em inova\u00e7\u00e3o, sustentabilidade e economia do territ\u00f3rio.<\/li>\n                    <\/ul>\n                    <p>Este modelo de <strong>governan\u00e7a partilhada<\/strong> assegura que a estrat\u00e9gia tem uma vis\u00e3o integrada, baseada no conhecimento dos recursos end\u00f3genos e na capacidade de mobilizar agentes locais para <strong>desenvolvimento territorial sustent\u00e1vel e competitivo<\/strong>.<\/p>\n                    <h3>Liga\u00e7\u00e3o ao Territ\u00f3rio<\/h3>\n                    <p>O PROVERE dos Vinhos reconhece que os vinhos n\u00e3o s\u00e3o apenas produtos econ\u00f3micos: s\u00e3o <strong>express\u00f5es culturais, sociais e ambientais<\/strong> do territ\u00f3rio em que nascem. Cada regi\u00e3o vitivin\u00edcola do Centro de Portugal tem uma identidade\n                      pr\u00f3pria que se reflete nas castas, nas pr\u00e1ticas de vinifica\u00e7\u00e3o, nas paisagens e nas hist\u00f3rias locais. O programa trabalha para que essa liga\u00e7\u00e3o seja preservada, <strong>comunicada com autenticidade e integrada em experi\u00eancias que valorizem a totalidade do territ\u00f3rio e das suas comunidades.<\/strong><\/p>\n                  <\/div>\n                <\/div>\n              <\/div>\n            <\/div>\n          <\/div>\n        <\/div>\n      <\/div>\n    <\/div>\n  <\/div>\n<\/div>","protected":false},"excerpt":{"rendered":"<p>Programa de Valoriza\u00e7\u00e3o Econ\u00f3mica dos Recursos End\u00f3genos \u2013 PROVERE dos Vinhos \u00e9 uma [&hellip;]<\/p>\n","protected":false},"author":1,"featured_media":0,"parent":0,"menu_order":0,"comment_status":"closed","ping_status":"open","template":"page-templates\/full-width-page.php","meta":{"footnotes":""},"class_list":["post-2","page","type-page","status-publish","hentry"],"_links":{"self":[{"href":"https:\/\/convincentro.pt\/index.php?rest_route=\/wp\/v2\/pages\/2","targetHints":{"allow":["GET"]}}],"collection":[{"href":"https:\/\/convincentro.pt\/index.php?rest_route=\/wp\/v2\/pages"}],"about":[{"href":"https:\/\/convincentro.pt\/index.php?rest_route=\/wp\/v2\/types\/page"}],"author":[{"embeddable":true,"href":"https:\/\/convincentro.pt\/index.php?rest_route=\/wp\/v2\/users\/1"}],"replies":[{"embeddable":true,"href":"https:\/\/convincentro.pt\/index.php?rest_route=%2Fwp%2Fv2%2Fcomments&post=2"}],"version-history":[{"count":4,"href":"https:\/\/convincentro.pt\/index.php?rest_route=\/wp\/v2\/pages\/2\/revisions"}],"predecessor-version":[{"id":306,"href":"https:\/\/convincentro.pt\/index.php?rest_route=\/wp\/v2\/pages\/2\/revisions\/306"}],"wp:attachment":[{"href":"https:\/\/convincentro.pt\/index.php?rest_route=%2Fwp%2Fv2%2Fmedia&parent=2"}],"curies":[{"name":"wp","href":"https:\/\/api.w.org\/{rel}","templated":true}]}}